 t?
22
Suppose -204*t + 31*t + 2764367 = 0. What is the highest common factor of t and 19?
19
Suppose 22*s - 4596 - 3126 = 0. What is the highest common factor of s and 1161?
27
Suppose -16866 = -182*v + 69584. Calculate the highest common divisor of v and 152.
19
Let b be 8*9*(-2)/(-36). Suppose 4*i = -12*v + 8*v + 52, b*v - 64 = -5*i. Calculate the greatest common factor of i and 336.
12
Suppose -13*b = -17*b - 4*n + 112, 0 = -4*b + 3*n + 112. Let t be (-22)/(-6) - 5/(-15). Let x be 5 - -93 - 0/t. What is the greatest common divisor of x and b?
14
Let g(n) = n**3 - 6*n**2 + n + 10. Let j be g(6). Let l be ((-1)/2)/((-1)/j). Suppose -3*s + 75 = -45. What is the greatest common divisor of l and s?
8
Suppose 0 = l - 28 + 43. Let q be (-4)/6 + 200/l. Let w = 36 + q. What is the highest common divisor of w and 154?
22
Suppose 24*n = 15*n + 2430. Suppose 313*v - 303*v = n. Let o(r) = -28*r - 2. Let g be o(-2). What is the greatest common factor of v and g?
27
Let w(q) = -q**2 - 15*q + 88. Let a be w(-17). Suppose -126 = -2*t - 3*t - 2*r, -57 = -2*t - 3*r. Calculate the highest common factor of a and t.
6
Suppose -142 - 320 = -4*d + 50. What is the greatest common divisor of d and 112?
16
Suppose -3*j + 81 + 108 = 0. Let w(h) = 2*h**2 - 66*h + 544. Let a be w(23). Calculate the highest common divisor of j and a.
21
Let x(c) = 2*c**3 + 2*c**2 - 5*c - 8. Let p be x(2). What is the greatest common divisor of 1914 and p?
6
Suppose -321 = -5*p - 3*f, 0 = 3*p - 4*f + 9*f - 183. What is the greatest common factor of 1342 and p?
22
Let t be ((19040/12)/(-1))/(3 - 111/36). What is the highest common factor of 255 and t?
85
Let d be (26220/(-912) + 0 + -14)/(3/(-16)). Calculate the greatest common factor of d and 3363.
57
Let m(s) = s - 7. Let d be m(-14). Let u be ((-14)/d)/((-1)/6). Let i be 36 + (-4)/u + -5. Calculate the greatest common divisor of 8 and i.
8
Suppose 4*d - 17 = o - 36, -5*o + 4*d + 95 = 0. Let f(i) = 5*i**2 + 24*i + 6. Let b be f(-10). What is the greatest common divisor of o and b?
19
Let k = 142 + -71. Suppose -10*w = -k - 839. Let u = w - 77. What is the greatest common divisor of 98 and u?
14
Let f = -445 + 852. Let c = f - 385. Calculate the highest common factor of c and 77.
11
Suppose 0*w = w. Suppose 3*m - 4*a - 1 = 9, w = -2*m + 3*a + 7. Suppose 0 = -o - 2*o - 3*p + 36, 76 = 5*o + p. Calculate the highest common divisor of o and m.
2
Let l be 35435 + -7*99/63. What is the greatest common factor of 108 and l?
108
Let b = 85 - -33. Let f = b + -88. Suppose -60 = -0*p - 4*p. Calculate the highest common factor of p and f.
15
Let n be 1856/12 + (-4)/6. Let z be (-116)/522 - -7625*(-1)/(-9). Suppose z = 7*x + n. What is the highest common factor of x and 11?
11
Let y(k) = 7*k**2 + 293*k + 4796. Let x be y(-16). Calculate the highest common factor of x and 800.
100
Suppose 10545*u + 4275 = 10830*u. Suppose 7 = 5*a + 2, 3*y - 41 = 4*a. Calculate the greatest common divisor of y and u.
15
Suppose 0 = -2*k + c + 968, 3*k - 1082 = 4*c + 370. Calculate the highest common divisor of k and 847.
121
Suppose -3*h - 2 = -2*x - 34, 5*x + 70 = 5*h. Let m = 110 + x. Calculate the highest common factor of 75 and m.
25
Let m be (17 - (7 + -32))*(-4)/(-12). Calculate the highest common factor of 33362 and m.
14
Let d be 0 + -2 + 5 - 4. Let n be (62/(2 - 4))/d. Calculate the greatest common factor of n and 403.
31
Let w = 42 + 91. Let r = -138 + -170. Let d = r - -327. Calculate the greatest common factor of w and d.
19
Let m(w) = -w**2 - 12*w + 57. Let o be m(-20). Let x = -195 - o. Let q = x - -108. Calculate the highest common divisor of q and 128.
16
Let u(g) = -g + 150. Let x be u(0). Let s(v) = 5*v**2 + 161*v + 498. Let i be s(-3). Calculate the highest common divisor of i and x.
30
Let m = -819 + 896. Let a(x) = -x**3 + 3*x**2 + 3*x + 15. Let g be a(4). Calculate the greatest common factor of g and m.
11
Let i = 1215 - -180. What is the highest common divisor of i and 1215?
45
Let b be -121*(-7 - 3) + (1 - 4). Suppose 9*i - 971 = b. What is the greatest common factor of i and 22?
22
Let d be (2008/(-5))/(-12 - 16/((-3200)/2395)). What is the highest common divisor of d and 128?
64
Suppose q - 5*l - 304 = 123, 3*q - 1311 = 5*l. Suppose 4*p + 4*g = 316, -p + 5*g - 304 + 377 = 0. What is the greatest common factor of p and q?
26
Let g be (2/4)/(1/92). Suppose 605*u = -47*u - 168*u + 53*u + 52923. Calculate the highest common divisor of g and u.
23
Let f be (-6)/45 - ((-46568)/(-70))/((-990)/1155). What is the greatest common divisor of f and 44?
4
Suppose -3*o = -15*o + 48. Suppose -o*w = -2*w - 64. Calculate the highest common divisor of w and 4.
4
Let d = -24 + 42. Let a = 888 + -114. What is the highest common factor of a and d?
18
Let g = 138 + 1176. What is the greatest common factor of g and 36?
18
Suppose 5*a - 6*a + 192 = 0. Suppose -3*x - 9 = 0, -13*p - 4*x = -11*p + 22. Let y be (-121)/p + 5/(-32 + 7). What is the highest common factor of y and a?
24
Let h = -2132 - -2237. What is the highest common divisor of h and 3045?
105
Let k(n) = -n**2 + 11*n + 123. Let c be k(18). Let d be (-2 - c)/((-7)/(-903)). Calculate the greatest common factor of d and 86.
43
Suppose 13 = -0*j + j. Suppose 0 = -11*f + 121 - 330. Let u(n) = -n**3 - 18*n**2 + 15*n - 37. Let q be u(f). Calculate the highest common factor of q and j.
13
Suppose 5*u - 12 = 2*u. Suppose -b - 4*m + 2*m = 32, -b + 2*m = 48. Let h = -34 - b. Calculate the greatest common factor of h and u.
2
Let c be (-2 - -5)/3*5. Suppose -3*a + 1256 = 1208. Let q be 74/14 - 9/(504/a). Calculate the highest common divisor of c and q.
5
Let y = 26742 - 24908. What is the greatest common factor of y and 406?
14
Suppose 4*g + 20*r - 29098 = 25*r, -2*g + 14540 = -r. What is the highest common divisor of 129 and g?
43
Suppose 2*n + n + 1120 = 5*n. Calculate the greatest common factor of 1568 and n.
112
Let w be (-5 + 5)/(-10 - -3). Suppose 0 = 2*h - 2*z - 146, 2*z = -2*h + 155 - 9. Suppose -2*m - 5 + h = w. What is the greatest common factor of m and 306?
34
Suppose 0*j = 2*j - 28. Suppose -13*l - 5121 = -5173. What is the greatest common divisor of j and l?
2
Let j be 7 - (-11 - -6 - -409)*(-1)/2. Calculate the greatest common factor of 803 and j.
11
Suppose -185*s = -162*s - 31349. Calculate the greatest common factor of s and 188.
47
Let v(f) = f**3 + 2*f**2 + 4*f - 17. Let k be v(3). Calculate the highest common divisor of 550 and k.
10
Let c be 1782/324*1960/22. Let b be 78/8 + (-3)/(-12). What is the greatest common divisor of c and b?
10
Suppose -85 = -3*h - 2*h. Let j = -17445 - -17446. What is the highest common factor of j and h?
1
Suppose -v + 9 = -4. Suppose 0*d - 4*d + 17 = 5*y, -13 = -3*y - d. Calculate the greatest common divisor of v and y.
1
Suppose -52*n - 100*n + 25056 = -44*n. What is the greatest common factor of 1102 and n?
58
Let t = -9751 + 9931. What is the highest common factor of t and 220?
20
Suppose w = -14949 + 15004. What is the greatest common factor of w and 27005?
55
Let k(t) = 7755*t**3 + t**2 - 42*t + 42. Let q be k(1). What is the highest common divisor of q and 28?
28
Let n(y) = y**3 + 7*y**2 + y - 17. Let x = -299 - -304. Let t be n(x). What is the greatest common divisor of 6 and t?
6
Suppose -164 = 3*q - 158, -2*q + 1232 = 3*h. What is the greatest common divisor of h and 8?
4
Let o = -16 + 22. Suppose 0 = 26*x - 385 - 31. Suppose x*w = 9*w + 21. What is the highest common divisor of o and w?
3
Let i(u) = -u**2 + 0 + 22523*u + 14 - 22510*u. Let b be i(9). What is the highest common divisor of b and 90?
10
Let s be 102/12 - (-6)/4. Suppose -3*z + 93*n = 96*n - 84, -7*n + 146 = 5*z. What is the highest common factor of s and z?
5
Let g be 5935/3 - 4 - 15/45. Calculate the greatest common divisor of g and 94.
94
Let v be (34/4)/(121/17666). Calculate the greatest common divisor of v and 51.
17
Let n(f) = 76*f - 3. Let p be n(1). Suppose 9*c = p + 71. Calculate the greatest common divisor of c and 256.
16
Let p(q) = -q + 9. Let l be p(-10). Suppose -4*i - l*i + 138 = 0. Calculate the greatest common factor of i and 66.
6
Let c(g) = -g**3 - 6*g**2 - g - 3. Let j be c(-6). Let k be 7/(((-56)/(-48))/(-7*(-36)/168)). What is the greatest common divisor of j and k?
3
